 q(j) be the second derivative of -j**4/12 + 11*j**2/2 - 4*j. Calculate q(0).
11
Let v(q) = q + 1. Let l(j) = 2*j**2 + 5*j - 1. Let r be l(-5). Suppose 3*g + g = r. Let s = g - 10. Determine v(s).
-3
Let p(h) be the second derivative of -h**3/3 + h**2 - 9*h. Let j = 1 - -2. Give p(j).
-4
Suppose 67 = 3*h + 5*f + 19, 3*f = 0. Suppose -5*y = 1 - h. Let s(o) = -o**2 - 3*o + 3. Let r(z) = -z**2 - 4*z + 4. Let i(j) = y*r(j) - 4*s(j). Calculate i(1).
1
Let h(w) = w - 1. Let u be (-10)/4*(-4 + 2). Suppose 0 = x + 5, -2*b - 20 = u*x - x. Calculate h(b).
-1
Suppose -5*m + 43 = -37. Let s(h) = -h**3 + 7*h**2 - 6*h - 4. Let i be s(5). Let n(r) = i + r - m. Give n(-5).
-5
Let h(d) = d - 7. Suppose 2*r + 3*f = 4*r, 2*r + 4*f = 14. Calculate h(r).
-4
Let b(s) = 9*s - 5. Let z(y) = 17*y - 9. Let p(a) = 11*b(a) - 6*z(a). Let l(g) = g**2 + 3*g + 2. Let q be l(-2). Suppose -2*m - 2 = -q. What is p(m)?
2
Let x(g) = 6*g**2 - 5*g - 6. Let h(l) = -6*l**2 + 4*l + 5. Let m(b) = -5*h(b) - 4*x(b). Let o = -43 + 42. What is m(o)?
5
Let n(q) = q**2 + 3. Let j be (-6)/(-2) - (2 - -1). Suppose j = 4*c - c. Give n(c).
3
Let b(d) = d**2 - d + 4. Let n be b(0). Let z(i) = -2*i**2 - 3*i - 3*i**3 + 4*i**3 + 2*i - n. Suppose 11 = -g - 2*g + 5*f, 0 = -2*g - 5*f + 26. Determine z(g).
2
Let u(x) = -210*x + 203*x + x**3 + 7*x**2 + 10 + 0*x**2. Calculate u(-8).
2
Let g = 0 - -3. Let y(k) be the first derivative of -k**6/180 + k**5/60 + k**4/8 + 2*k**3/3 - 2. Let x(r) be the third derivative of y(r). Calculate x(g).
-9
Suppose -4*y + 0*y = -16. Let j(h) = 8 - 4*h**3 + 3*h**3 - 1 + 5*h + y*h**2. Suppose 5*m - 26 = t, -5*t = 2*m + 1 - 6. Give j(m).
7
Let p = -132 - -138. Let i(h) = -h**2 + 7*h - 3. Let d be i(6). Let m(t) = -t**3 + d*t - 4*t + 0*t**2 + 6*t**2 + 1. Determine m(p).
-5
Suppose 2*u + 0*u - l = -6, 0 = u + 3*l - 4. Let k be 8/5 - u/5. Let y(a) = -5*a - 4 + 0 + k. Give y(-2).
8
Let a(i) = i**2 + 8*i - 3. Let y be a(-8). Let j be 2 - (-1 + -5)/y. Let g(m) = -m**3 - m**2 + 6. Determine g(j).
6
Let c(w) = -w**3 - 4*w**2 + 6*w + 6. Let h(o) = 4*o - 2. Let a be h(3). Suppose 0*u - u - a = -2*b, -3*u + 4*b = 20. Let r = -5 + u. Calculate c(r).
1
Let q be (-40 + 35)*6/(-5). Let c(d) be the third derivative of d**4/12 - d**3/3 - d**2. Give c(q).
10
Let r be 0 + 6 + -3 + -1. Let g(l) = -r*l - 5 + 0 - l. Determine g(-4).
7
Let q(d) = 2*d**2 + 4*d - 1. Let v be q(-3). Let b(p) = p - 2*p + v*p**2 - 6*p**2. Let w be (1 - -2) + -1 + -4. Calculate b(w).
-2
Let u(c) be the third derivative of -c**4/24 + c**3/2 - 5*c**2. Give u(6).
-3
Let l(m) = m**2 + 2*m + 6. Suppose -44 = -5*a + 16*a. Calculate l(a).
14
Suppose -3*t - 3*u = 3, 2*u = 2*t - 0*t - 2. Let v(p) = 1 - 11*p + t*p + 8*p + 2*p. What is v(3)?
-2
Let x(r) be the third derivative of r**5/120 - 5*r**4/24 - 3*r**3/2 + 3*r**2. Let g(k) be the first derivative of x(k). Determine g(5).
0
Suppose -5 = 8*n + 35. Let z(o) = -o**2 - 6*o - 4. Calculate z(n).
1
Let i be (-3)/9*36/(-4). Let s(m) = 2 + 3 - m - i. What is s(1)?
1
Let d(a) be the third derivative of -a**6/120 + a**5/10 - 5*a**4/24 - a**3/6 - 7*a**2. Determine d(4).
11
Let a(p) = -2*p**3 + 6*p**2 + 11*p + 1. Let c(q) = -q**3 + 4*q**2 + 6*q + 1. Let x(m) = -2*a(m) + 5*c(m). Calculate x(9).
-6
Let s be (-3)/(4 - (-17)/(-2)). Let t(p) be the second derivative of 0 + 0*p**2 + 1/3*p**4 + 1/20*p**5 - 2*p + s*p**3. What is t(-3)?
-3
Let s(u) be the second derivative of -u**5/20 - u**4/2 - u**3/2 + 3*u**2 - u. Let z = 21 - -4. Suppose 0 = 2*g + 3*g + z. Give s(g).
-4
Let q(y) = y**3 + 7*y**2 + 8*y + 3. Let p = -2 + -4. Determine q(p).
-9
Let c(f) = f - 6. Let m be (-4)/6 + 46/6. Suppose 5*j - m - 18 = -5*k, -3*j - 2*k = -10. Suppose 3*q + j*q + 6 = 3*d, 3*d - 2*q - 4 = 0. Give c(d).
-6
Suppose 4*o - 24 = l, 4 = o - 2*l - 2. Let j be 4/o*-3 + -4. Let k(a) = -a**2 - 6*a - 3. Determine k(j).
-3
Suppose 0 = 3*q - 12, -u + 0*u + 20 = 4*q. Suppose u*i - 25 = -9. Let l(r) = 4*r**2 - r**2 - 2*r**2 + 2 - 5*r. Calculate l(i).
-2
Let f(z) = z - 14. Let s be f(8). Let w(a) = -2*a - 4. Calculate w(s).
8
Suppose -3*b - 3*b - 30 = 0. Let r(v) = v**3 + 6*v**2 + 4*v - 3. Calculate r(b).
2
Let r(v) = -v**2 + v - 4. Let u be (8 - -2)*1/(-2). Let c = 5 + u. Calculate r(c).
-4
Let r(m) = m**3 - 2*m**2 + 2*m - 2. Suppose 0 = 4*x + 49 - 57. Calculate r(x).
2
Let r(d) = d**3 - 2*d**2 - 3*d + 2. Let f be r(3). Let o(s) = -3*s - s - f*s + 4*s. Give o(-2).
4
Suppose -3*k - 38 + 26 = 0. Let b(f) = 1. Let j(m) be the first derivative of -m**2/2 + 7*m + 1. Let x(v) = 3*b(v) - j(v). Calculate x(k).
-8
Let b be (-2)/(-7) + (-122)/(-14). Let o = -29 - -30. Suppose -3*u + b = 3*j, j = 2*u + u - o. Let t(q) = -7*q**3 - q**2 + q. What is t(u)?
-7
Let o(t) = -6 - 5 - t**3 + 14*t + 5*t**2 - 22*t + 5*t**2. Determine o(9).
-2
Let q(x) be the third derivative of -x**5/60 + 3*x**3 - x**2. Give q(0).
18
Let g(z) be the third derivative of -z**6/180 + z**5/30 - z**4/8 + z**3/6 + 3*z**2. Let c(k) be the first derivative of g(k). Give c(2).
-3
Let a(q) = -q**3 - 7*q**2 - q - 5. Let p be a(-7). Let m(w) be the first derivative of -5/3*w**3 - 1 + w**p - w. Determine m(1).
-4
Let k(c) = -c**3 + 9*c**2 + 10*c - 1. Let x be k(10). Let a(h) = 4*h + 11. Let s(j) = j + 2. Let p(g) = -6*a(g) + 33*s(g). What is p(x)?
-9
Suppose 0 = -0*u - 4*u - 4. Let h = u + 1. Let x(p) = 5*p - p + p**2 - 2*p**2 - 3*p + 1. Give x(h).
1
Let c = 8 + -3. Let y(t) = 18 + 19 - 34 - t. Calculate y(c).
-2
Let f be -8*(34/(-8) + 4). Let k(p) be the third derivative of 1/3*p**3 + 0 + 0*p + 1/24*p**4 - f*p**2. Calculate k(5).
7
Let c(g) = g**3 + g**2 - g - 5. Suppose -2 = 5*q + 3. Let l = 1 - q. Suppose -i = l*i. Determine c(i).
-5
Let k(c) = -c**3 - c**2 - 7*c + 1. Let j(y) = -y**3 - 6*y + 1. Let o(h) = -5*j(h) + 4*k(h). Give o(4).
7
Suppose -4*x + 0 + 4 = 0. Let r(f) = -x + 4*f + 0*f**2 + f**2 + 0*f**2. Determine r(-3).
-4
Suppose -4*g + 20 = -m, 0 = -0*m - 4*m - 2*g - 8. Let b = m - 1. Let i(s) be the second derivative of -s**5/20 - s**4/3 + s**3/2 - s**2/2 + 27*s. Give i(b).
9
Let s(m) = -3*m**2 + m + 1. Let x be s(-1). Let c(f) = f**3 + 2*f**2 - 4*f - 5. Let a be c(x). Let h(y) = 3*y + 2. Calculate h(a).
-4
Let l(d) = 7*d**2 + 6*d - 4. Let v(o) = 15*o**2 + 12*o - 7. Let w(x) = -13*l(x) + 6*v(x). Let z(c) = -c**3 - 5*c**2 + 8*c + 5. Let b be z(-6). Determine w(b).
3
Suppose 0*h - h = 3. Let f(o) = -o**2 - 4*o - 4. What is f(h)?
-1
Let z(b) be the second derivative of b**4/12 + b**3/2 + b**2/2 - 8*b. Give z(-4).
5
Let f be 7/14*(2 + 2). Suppose -y = 3*v + 9, 4*y - 19 = 2*v + 1. Let g(i) = 0*i**3 - 4*i + 5*i**y - 3*i**f + 3 - 4*i**3. Give g(4).
3
Suppose 4 + 0 = -w. Let u(q) = 25*q + 13. Let t(s) = 6*s + 3. Let r(a) = -9*t(a) + 2*u(a). Determine r(w).
15
Let i = -9 + 13. Let l(p) be the first derivative of -p**5/60 + p**4/4 - p**3/3 - 3*p**2/2 + 3. Let z(m) be the second derivative of l(m). Give z(i).
6
Let y(h) = -3*h + 27. Let l be y(9). Let d(f) = f**2 - 23. Calculate d(l).
-23
Let l(b) be the first derivative of -b**4/24 + b**3/6 + b**2 - 3. Let v(y) be the second derivative of l(y). What is v(-3)?
4
Let b be 2/(-3)*(-6)/4. Let y(u) = -3*u**2 + 5*u - 1. Let q(v) = v - 1. Let f be q(-5). Let t(c) = 4*c**2 - 6*c + 1. Let j(p) = f*y(p) - 5*t(p). Give j(b).
-1
Suppose -4*y - 7 - 9 = 0. Let u(m) be the second derivative of 1/20*m**5 - 2*m - 1/3*m**3 + 0 + 0*m**2 + 1/3*m**4. Determine u(y).
8
Let l = 71 + -71. Let f(r) = -r**2 - 8. Give f(l).
-8
Let z(q) be the first derivative of -q**4/4 - 5*q**3/3 + 5*q**2/2 - 4*q + 9. Calculate z(-6).
2
Let t(d) be the third derivative of -d**5/60 + d**4/24 + d**3/6 - 48*d**2. Give t(-1).
-1
Suppose -3*k = -109 - 26. Let h be k/10 - (-2)/(-4). Suppose -h*s + 0 = 16. Let r(i) = -i**3 - 3*i**2 + 4*i + 2. Determine r(s).
2
Let t = -133 - -131. Let p(o) = -4*o - 1. What is p(t)?
7
Suppose 3*q = 2*m - 14, 4*q = m - 15 - 2. Suppose 2*d = l + 12, -5*d + 11 = 2*l - m. Let b(x) = -x**2 - 9*x - 6. Determine b(l).
14
Let i(z) be the second derivative of -z**4/6 + z**3/6 - 7*z. What is i(2)?
-6
Let x(y) = 3 - 2*y - 3 - 2. Suppose -2*t + 7 = -1. Suppose 0 = 2*q - t*q + 3*j - 2, -6 = -q - 2*j. Give x(q).
-6
Let c(z) = 63*z + 2 - 67*z + 4. Give c(4).
-10
Suppose -d = -0 - 3. Let n(v) = -v**2 - v. Let s(b) = -b**3 + 9*b**2 + 3*b. Let j(h) = 6*n(h